e prime factors of 41675.
5, 1667
What are the prime factors of 1075429?
1075429
What are the prime factors of 2066428?
2, 7, 13, 811
List the prime factors of 13404393.
3, 496459
What are the prime factors of 10179475?
5, 407179
What are the prime factors of 1800568?
2, 7, 11, 37, 79
What are the prime factors of 160455?
3, 5, 19, 563
What are the prime factors of 1956377?
17, 157, 733
What are the prime factors of 40093?
40093
What are the prime factors of 5666711?
5666711
List the prime factors of 10632151.
647, 16433
What are the prime factors of 36140?
2, 5, 13, 139
List the prime factors of 213325.
5, 7, 23, 53
List the prime factors of 41454.
2, 3, 7, 47
List the prime factors of 52269.
3, 7, 19, 131
List the prime factors of 14046584.
2, 1755823
What are the prime factors of 371645?
5, 239, 311
List the prime factors of 7005431.
43, 162917
What are the prime factors of 1125202?
2, 13, 3329
List the prime factors of 983296.
2, 23, 167
What are the prime factors of 1022936?
2, 127867
What are the prime factors of 17467813?
11, 223, 7121
What are the prime factors of 11750969?
41, 286609
List the prime factors of 7213677.
3, 61, 39419
What are the prime factors of 79908?
2, 3, 6659
List the prime factors of 1466870.
2, 5, 47, 3121
What are the prime factors of 16496059?
257, 64187
List the prime factors of 3583963.
3583963
List the prime factors of 124531.
11, 11321
List the prime factors of 618929.
618929
What are the prime factors of 285235?
5, 57047
List the prime factors of 1851767.
53, 34939
What are the prime factors of 15751701?
3, 7, 250027
List the prime factors of 1654225.
5, 66169
List the prime factors of 6740946.
2, 3, 197, 1901
What are the prime factors of 1965994?
2, 23, 79, 541
List the prime factors of 1678277.
1678277
List the prime factors of 531215.
5, 106243
What are the prime factors of 167263?
17, 9839
What are the prime factors of 218965?
5, 43793
What are the prime factors of 2086953?
3, 11, 63241
List the prime factors of 7848868.
2, 1051, 1867
List the prime factors of 296465.
5, 13, 4561
What are the prime factors of 895918?
2, 37, 12107
What are the prime factors of 24610940?
2, 5, 1230547
What are the prime factors of 45401?
83, 547
List the prime factors of 5625888.
2, 3, 58603
List the prime factors of 560444.
2, 140111
What are the prime factors of 8219465?
5, 1643893
What are the prime factors of 114401?
7, 59, 277
What are the prime factors of 16344737?
16344737
List the prime factors of 29880.
2, 3, 5, 83
What are the prime factors of 212658?
2, 3, 23, 67
List the prime factors of 2942600.
2, 5, 14713
List the prime factors of 226649.
226649
List the prime factors of 275813.
275813
What are the prime factors of 918?
2, 3, 17
List the prime factors of 3972.
2, 3, 331
What are the prime factors of 2712660?
2, 3, 5, 29, 1559
List the prime factors of 5668315.
5, 367, 3089
List the prime factors of 2645651.
2645651
What are the prime factors of 29953197?
3, 3328133
What are the prime factors of 58579?
58579
List the prime factors of 247226.
2, 7, 17659
What are the prime factors of 466893?
3, 7, 7411
What are the prime factors of 17065917?
3, 11, 37, 1553
What are the prime factors of 757405?
5, 11, 47, 293
List the prime factors of 6444281.
43, 149867
What are the prime factors of 3048408?
2, 3, 11, 1283
List the prime factors of 1908204.
2, 3, 159017
List the prime factors of 9948211.
7, 13, 109321
What are the prime factors of 1598413?
19, 84127
List the prime factors of 5299588.
2, 7, 189271
What are the prime factors of 16920437?
3607, 4691
What are the prime factors of 2424379?
53, 149, 307
What are the prime factors of 2791469?
2791469
What are the prime factors of 1601596?
2, 431, 929
What are the prime factors of 6971031?
3, 43, 18013
What are the prime factors of 15746119?
15746119
What are the prime factors of 23799919?
11, 13, 149, 1117
What are the prime factors of 123228?
2, 3, 7, 163
What are the prime factors of 45079?
61, 739
What are the prime factors of 6459097?
6459097
List the prime factors of 3152439.
3, 12973
What are the prime factors of 352602?
2, 3, 19, 1031
What are the prime factors of 5441516?
2, 37, 36767
What are the prime factors of 1368130?
2, 5, 136813
What are the prime factors of 6245869?
7, 892267
List the prime factors of 5054829.
3, 13, 31, 37, 113
List the prime factors of 140061.
3, 46687
List the prime factors of 4375288.
2, 29, 18859
List the prime factors of 439816.
2, 13, 4229
List the prime factors of 6675872.
2, 7, 29803
What are the prime factors of 603944?
2, 11, 6863
What are the prime factors of 7822574?
2, 59, 66293
List the prime factors of 31509115.
5, 11, 41, 89, 157
List the prime factors of 9493720.
2, 5, 237343
List the prime factors of 191234.
2, 95617
List the prime factors of 3648259.
503, 7253
List the prime factors of 3228375.
3, 5, 8609
List the prime factors of 245152.
2, 47, 163
What are the prime factors of 319754?
2, 29, 37, 149
List the prime factors of 279419.
7, 179, 223
What are the prime factors of 10446448?
2, 652903
What are the prime factors of 15406026?
2, 3, 2567671
What are the prime factors of 72270?
2, 3, 5, 11, 73
What are the prime factors of 2478311?
11, 17, 29, 457
What are the prime factors of 22768646?
2, 1039, 10957
List the prime factors of 418224.
2, 3, 8713
What are the prime factors of 84586?
2, 42293
List the prime factors of 18022461.
3, 43, 139709
List the prime factors of 198756.
2, 3, 5521
What are the prime factors of 3112775?
5, 89, 1399
List the prime factors of 313625.
5, 13, 193
What are the prime factors of 6062998?
2, 41, 73939
List the prime factors of 56471.
149, 379
List the prime factors of 3487387.
3487387
List the prime factors of 247246.
2, 181, 683
What are the prime factors of 800832?
2, 3, 43, 97
List the prime factors of 501628.
2, 125407
List the prime factors of 4253147.
4253147
What are the prime factors of 5525866?
2, 2762933
List the prime factors of 16794.
2, 3, 311
List the prime factors of 1870250.
2, 5, 7481
What are the prime factors of 103460?
2, 5, 7, 739
What are the prime factors of 10166757?
3, 109, 31091
List the prime factors of 375459.
3, 7, 19, 941
List the prime factors of 4824769.
149, 32381
List the prime factors of 685688.
2, 85711
What are the prime factors of 19939012?
2, 4984753
List the prime factors of 4248842.
2, 13, 163417
List the prime factors of 161142.
2, 3, 107, 251
List the prime factors of 6049300.
2, 5, 60493
List the prime factors of 11004825.
3, 5, 13, 11287
List the prime factors of 2034956.
2, 7, 11, 6607
List the prime factors of 1256095.
5, 251219
List the prime factors of 193286.
2, 96643
What are the prime factors of 493235?
5, 23, 4289
List the prime factors of 34525.
5, 1381
List the prime factors of 779449.
11, 59, 1201
What are the prime factors of 162273?
3, 54091
What are the prime factors of 192611?
192611
What are the prime factors of 143114?
2, 163, 439
What are the prime factors of 1472131?
1009, 1459
What are the prime factors of 531218?
2, 151, 1759
List the prime factors of 41037227.
7, 11, 532951
List the prime factors of 939507.
3, 43, 7283
What are the prime factors of 29186983?
7, 19, 219451
List the prime factors of 610065.
3, 5, 4519
What are the prime factors of 739810?
2, 5, 167, 443
List the prime factors of 262267.
163, 1609
List the prime factors of 8179637.
197, 41521
What are the prime factors of 15379939?
23, 43, 15551
What are the prime factors of 5740194?
2, 3, 956699
What are the prime factors of 3927589?
197, 19937
What are the prime factors of 86476?
2, 13, 1663
List the prime factors of 1279250.
2, 5, 7, 17, 43
What are the prime factors of 242218?
2, 163, 743
List the prime factors of 316034.
2, 158017
What are the prime factors of 28564723?
11, 2596793
List the prime factors of 284020.
2, 5, 11, 1291
List the prime factors of 6517312.
2, 101833
What are the prime factors of 476079?
3, 37, 4289
List the prime factors of 15162475.
5, 19, 137, 233
What are the prime factors of 126017?
23, 5479
What are the prime factors of 4381469?
4381469
List the prime factors of 1053661.
7, 150523
List the prime factors of 2248782.
2, 3, 374797
List the prime factors of 27599.
11, 13, 193
List the prime factors of 248809.
11,